 and 56?
7
Suppose -24 + 84 = 5*b. Let x(g) = -5*g + 7 + 1 + b*g. Let m be x(2). What is the highest common divisor of 55 and m?
11
Suppose -51*h = -56*h + 225. Let t be 9*h - (2 + -4). What is the highest common factor of 37 and t?
37
Let r be (-567)/(-5) - (-288)/480. Calculate the greatest common divisor of r and 15.
3
Suppose 3*y + 5*g - 46 = 0, -4*y + 3*g + 54 = y. Suppose y*b - 60 = 8*b. Let u be 2 + (90 - 2) + 0. Calculate the highest common divisor of b and u.
15
Let n = -55 + -14. Let p = n + 159. What is the greatest common factor of p and 10?
10
Suppose -5*j + 33 = -57. Let w be 35/3 - 6/(-18). Suppose d = 186 + w. Calculate the highest common factor of j and d.
18
Suppose -3*u - 3 = 0, -4*h + 2*u + 18 = -0*h. Suppose 0 = -3*d - h - 11, -k + 2*d + 74 = 0. What is the greatest common divisor of 48 and k?
16
Suppose 5*c - 6 = 9. Suppose j - a - 21 = 0, -c*a - 4 - 5 = 0. Suppose 4*h = 5*h - 9. Calculate the highest common divisor of h and j.
9
Suppose -34 = -2*i + 52. Let v = -30 + i. Suppose -3*o = 12, 4*y + 2*o = -o + 404. What is the greatest common factor of y and v?
13
Suppose 0 = -18*m + 1860 - 510. What is the greatest common divisor of 525 and m?
75
Let p(h) = 76*h - 150. Let x be p(2). Suppose 4 = -2*d - 2. Let i be d/((-3)/x)*8. Calculate the greatest common divisor of 16 and i.
16
Let j be 2 + -4 + (-5 - -7). Suppose -2*d + 14 = -j*d. Suppose d*y = 6*y + 28. What is the greatest common factor of y and 4?
4
Suppose 17*y = 135 + 86. Calculate the greatest common divisor of 91 and y.
13
Let j be 112/(-64)*(3/(-3) - 55). Calculate the highest common divisor of j and 14.
14
Let m(y) = -1. Let p(q) = q - 7. Let h(l) = -4*m(l) + p(l). Let o be h(3). Let t = o + 4. Calculate the greatest common factor of t and 16.
4
Suppose 2*n + l + l - 666 = 0, 2*l = 3*n - 1024. Suppose -3*b - 6 = 0, 3*s = -0*s + b + n. Calculate the greatest common divisor of 16 and s.
16
Suppose -2*g + g - 16 = -f, 3*g = 0. Suppose -4*l + 5*w + 103 = -5, l + 2*w - 40 = 0. Calculate the greatest common factor of l and f.
16
Suppose 0 = -5*p - 4*d + 1065, p - 194 = 3*d - 0*d. Suppose p = -8*m + 9*m. Calculate the greatest common divisor of m and 19.
19
Let i(d) = -d**3 + 9*d**2 - 4*d - 7. Let x be i(7). Suppose -5*u + 2*u + x = 0. Let k = 6 + 8. What is the highest common divisor of k and u?
7
Let f = 29 - 22. Suppose f*m = 1098 - 48. What is the highest common factor of 30 and m?
30
Let y = -22 - -21. Let c be (-2 - y - -53)*22/11. Calculate the greatest common factor of 13 and c.
13
Let l = -152 - -155. Calculate the highest common divisor of 21 and l.
3
Let v be 0 + -10 - (2 + -2). Let j(p) = 17 + 0*p + 1 + 2*p + 4*p - 9*p. Let h be j(v). Calculate the greatest common factor of 12 and h.
12
Suppose -54 = -l + 4*s - 10, -20 = 4*s. Calculate the highest common divisor of 3 and l.
3
Suppose -3885 = -3*w + 8*f - 5*f, 3*f = -3*w + 3855. Calculate the greatest common factor of 30 and w.
30
Suppose -5*b = 2*o - 65, 3*o - 45 = -2*b + 6*o. Let i(u) = 16*u**2 - u - 2. Let q be i(2). Calculate the greatest common factor of q and b.
15
Let q(m) = -m**3 - 15*m**2 + 18*m + 36. Let w be q(-16). Suppose 4*n = -w*n + 256. Calculate the highest common factor of n and 32.
32
Let t(r) = 9*r**3 - 1. Let l be t(1). Let u(o) = -31*o + 1. Let p be u(-7). Let b = -154 + p. What is the greatest common factor of b and l?
8
Suppose -3*b + 6*b = 51. Let u = b + -11. What is the greatest common factor of u and 3?
3
Let h = -10 - -24. Suppose 19 = i + h. Suppose 2*j = 3*a + 16, 0 = -4*j + i*j - 4*a - 8. What is the highest common divisor of j and 20?
4
Let u(q) = -2*q**2 + 64*q - 364. Let h be u(23). Suppose -5*v = -2*v - 30. What is the greatest common factor of h and v?
10
Let g = 53 - 57. Let o be 6/g*((-147)/9 + 3). Calculate the highest common divisor of 80 and o.
20
Let u(k) = k**3 - 11*k**2 + 4*k + 13. Let s be u(11). What is the highest common divisor of s and 171?
57
Suppose -8*a - 208 + 1168 = 0. Suppose -2*f + 40 = -a. Let k(r) = r**2 - r + 16. Let p be k(0). Calculate the highest common divisor of p and f.
16
Let q = -464 - -515. Calculate the greatest common divisor of 663 and q.
51
Let a(g) = 3*g**2 + 7*g + 8. Suppose 0 = 4*z + 26 - 6. Let l be a(z). What is the greatest common divisor of l and 12?
12
Let b(z) = z**2 - 2*z - 29. Let s be b(8). Let y = -6 + s. What is the highest common divisor of 26 and y?
13
Suppose 26*g - 10400 = 13*g. Calculate the greatest common divisor of g and 50.
50
Suppose 0 = -0*l + 4*l - 8. Suppose 0 = 4*b + l*q - 170, -3*b = -6*q + 2*q - 100. Let r be ((-5)/4)/(3/(-12)). Calculate the greatest common factor of r and b.
5
Let x = -59 - -62. Suppose -x*q + 93 = -24. What is the greatest common divisor of 26 and q?
13
Let x be (-4 - -115) + 1 + -3 + 3. What is the highest common divisor of 28 and x?
28
Let t(j) = 3*j**2 + 16*j - 7. Suppose 4 = -3*u + 1, -4*u = 4*q + 32. Let z be t(q). Calculate the highest common factor of z and 7.
7
Let o(m) = 5*m - 7. Let l be o(5). Let j be (0 + -3)/(-9) + 228/l. Calculate the highest common factor of 117 and j.
13
Suppose 0 = 35*j - 0 - 35. Calculate the greatest common factor of 25 and j.
1
Suppose -82*v - 893 = -83*v. Calculate the greatest common divisor of v and 94.
47
Let p = -582 + 846. What is the highest common factor of p and 44?
44
Let x = 5 - 1. Let z(m) = -m**2 - 58*m - 612. Let o be z(-44). Calculate the highest common divisor of o and x.
4
Let o be (297/5)/(-11)*-10 + 2. Calculate the highest common factor of o and 440.
8
Suppose -3*x = -112 + 97. Suppose -2 = x*y - 22. What is the greatest common factor of 16 and y?
4
Let r(f) = 8*f**2 + f + 1. Let m be r(-2). Let l = m - 21. Calculate the highest common factor of l and 90.
10
Let b be 26 - (3 - (2 + -1)). Let t be ((-30)/3)/((-1)/b). What is the greatest common factor of t and 30?
30
Let f = 77 - 53. Suppose 125*u = 127*u - 18. Suppose -f = -u*l + 6*l. Calculate the highest common factor of 2 and l.
2
Let z(u) = 4*u**2 - 5*u + 5. Let y = -22 + 25. Let h be z(y). Suppose -2*j + 48 + 30 = 0. Calculate the greatest common divisor of j and h.
13
Let i(j) be the second derivative of -j**4/3 + j**3/6 + 5*j. Let k be i(3). Let n be 2 + 3/3 - k. Calculate the greatest common divisor of 18 and n.
18
Let t(x) = -x**3 - 8*x**2 + 2*x + 13. Let s be t(-6). Let q = s + 93. What is the greatest common factor of q and 88?
22
Let z(f) = f**3 - 4*f**2 - 6*f + 7. Let m be z(5). Suppose m*r - 6*r + 180 = 0. Let w = 22 - 17. Calculate the highest common divisor of w and r.
5
Suppose 5*r - 40 = 4*r. Let k = -119 - -124. Calculate the greatest common factor of k and r.
5
Let v = 15 + 5. Let g = 25 + v. Let s(k) = 2*k**2 + 14*k - 55. Let d be s(3). What is the highest common factor of g and d?
5
Suppose 0 = 2*p + 7 - 39. Let s(k) = k**3 - 2*k**2 + k - 2. Let d be s(2). Suppose -13*h + p*h - 69 = d. Calculate the highest common divisor of 161 and h.
23
Let p(m) = -2*m**2 + 70*m + 10. Let v be p(27). What is the highest common divisor of v and 68?
34
Suppose -2*h - 5*a + 5 = 0, 3*h + 0*h + 5*a = 0. Let p be (h + 6)*13 - 1. Calculate the greatest common factor of p and 30.
6
Suppose -30*r + 37*r = 406. Calculate the highest common factor of r and 145.
29
Suppose -d = d - 5*z - 235, 0 = 3*d - 2*z - 358. Let f be ((-11)/(-22))/(2/d). What is the greatest common divisor of f and 30?
30
Let f = 59 + -34. Let c = 1985 - 1975. What is the greatest common factor of f and c?
5
Suppose -38*d = -2095 - 1325. What is the highest common factor of 690 and d?
30
Let l be ((-205)/(-2))/(1/2). What is the highest common divisor of 41 and l?
41
Let y(b) = -b**2 - b + 64. Let o be y(7). What is the highest common divisor of o and 36?
4
Let h = 11 - 11. Suppose h*j + a = -2*j + 17, -j + 5*a - 19 = 0. Suppose -j*y + 5*y = -13. What is the greatest common factor of 52 and y?
13
Let k(u) = -55*u + 30. Let o be k(-4). Let h be (-6)/33 - (-84)/33*4. What is the greatest common divisor of o and h?
10
Let x(t) = 2*t**2 - 6*t + 9. Let n be x(6). Let d(b) = -2*b - 11. Let u be d(-10). Calculate the greatest common divisor of n and u.
9
Suppose -5*u - 120 = -3*t - 1050, u = 4*t + 169. Suppose -2*g + 38 = -0*m + 4*m, -5*m = 2*g - 37. What is the greatest common factor of g and u?
21
Suppose -n + 4*p 